a composite number?
True
Is 65476731 prime?
False
Is 57117270169 prime?
False
Is 6374542117 a prime number?
False
Is 14513614151 a prime number?
False
Is 1289503181 composite?
True
Is 351662429 a prime number?
True
Is 360030991 a composite number?
False
Is 7809802739 composite?
False
Is 177886451183 a composite number?
True
Is 19241462701 prime?
False
Is 2032106501 composite?
False
Is 764190029023 a composite number?
False
Is 2936850167 composite?
False
Is 726260819 a composite number?
False
Is 11469445507 prime?
False
Is 58340204485 a composite number?
True
Is 40934641061 a prime number?
True
Is 14080578379 prime?
False
Is 111242323 composite?
False
Is 26307690991 composite?
False
Is 2955237061 a prime number?
False
Is 106556286367 prime?
False
Is 29151968399 composite?
True
Is 111901628327 a composite number?
False
Is 9418650167 prime?
False
Is 1609179097 a composite number?
True
Is 4953003989 prime?
False
Is 1663239403 composite?
True
Is 2564376655 a prime number?
False
Is 34661149781 prime?
True
Is 3870979967 prime?
False
Is 384698537 a composite number?
True
Is 333308537 prime?
False
Is 30721852114 a composite number?
True
Is 27553904047 prime?
False
Is 4372703287 prime?
False
Is 18742172147 a prime number?
False
Is 9974415293 prime?
True
Is 23085986851 prime?
False
Is 7416715913 prime?
True
Is 143923883 prime?
True
Is 1120414079 prime?
True
Is 13919548957 prime?
True
Is 1396759003 composite?
False
Is 1803997301 a composite number?
True
Is 13411279307 a prime number?
False
Is 2191515331 prime?
True
Is 7492859291 prime?
True
Is 34210801589 composite?
False
Is 14784195161 composite?
True
Is 118806851 a prime number?
False
Is 15527826331 prime?
False
Is 1570084918 a prime number?
False
Is 12453060283 a prime number?
False
Is 14733574573 a prime number?
False
Is 42349721 a prime number?
False
Is 5421817537 composite?
False
Is 83810989 prime?
True
Is 10550254289 a composite number?
True
Is 321576677 composite?
False
Is 10452931717 prime?
True
Is 54048432143 a prime number?
False
Is 3971816207 a composite number?
False
Is 8525690491 a composite number?
True
Is 87814931359 composite?
False
Is 55008109789 a prime number?
True
Is 34106300279 composite?
False
Is 16014966761 a composite number?
True
Is 5876566414 prime?
False
Is 266618153 a prime number?
True
Is 1415826185 composite?
True
Is 150659510221 a composite number?
True
Is 1761895601 a composite number?
True
Is 60396644453 a prime number?
True
Is 1000202261 composite?
False
Is 26449519633 a composite number?
True
Is 277176300419 prime?
True
Is 5664242579 prime?
True
Is 3016414273 prime?
True
Is 16905325133 a prime number?
False
Is 148055911291 a composite number?
False
Is 6779588983 a prime number?
False
Is 150849192557 a composite number?
True
Is 9254006347 composite?
False
Is 16998173923 a prime number?
False
Is 51582248099 composite?
False
Is 15533442838 a prime number?
False
Is 4333650899 a prime number?
False
Is 7451554571 prime?
True
Is 9240007169 a composite number?
True
Is 14078499649 a composite number?
False
Is 61706034727 a composite number?
False
Is 13319545583 composite?
True
Is 31986404029 a prime number?
False
Is 1123481441 a composite number?
True
Is 2496921821 composite?
True
Is 20090352181 a prime number?
True
Is 52747439 a prime number?
False
Is 12813303827 a prime number?
False
Is 201568163 composite?
False
Is 934937599 a prime number?
False
Is 16102363223 composite?
False
Is 2921955171 composite?
True
Is 24954423839 a composite number?
False
Is 4228115069 a composite number?
True
Is 3997243559 prime?
True
Is 30220287437 a composite number?
True
Is 3385747763 composite?
False
Is 55565135209 a composite number?
True
Is 1075219679 prime?
True
Is 8271719641 composite?
True
Is 4578722461 a composite number?
True
Is 30301786717 prime?
False
Is 33702032681 a composite number?
True
Is 2590949017 a prime number?
False
Is 1024854793 a prime number?
False
Is 4283655589 prime?
True
Is 29268536161 a prime number?
True
Is 33491621 composite?
False
Is 56624921429 prime?
False
Is 28061773133 prime?
False
Is 74329587323 composite?
False
Is 7280049389 a prime number?
True
Is 1065302993 a prime number?
False
Is 690401861 a prime number?
True
Is 1113583663 prime?
False
Is 20320099187 a prime number?
False
Is 3163382587 a composite number?
False
Is 241175551 a composite number?
False
Is 82869796369 a prime number?
False
Is 1018586729 prime?
False
Is 4673973791 prime?
True
Is 1690261877 a prime number?
True
Is 15856151105 prime?
False
Is 684851311 composite?
False
Is 5080170905 composite?
True
Is 434606959 composite?
False
Is 25859410279 prime?
True
Is 17500875781 prime?
False
Is 381079427 a prime number?
False
Is 2767737991 a composite number?
False
Is 21769132493 a composite number?
True
Is 17999863433 a composite number?
True
Is 1343126107 prime?
True
Is 4189951589 a prime number?
True
Is 1190494037 a prime number?
False
Is 15284367311 composite?
False
Is 156108721 prime?
True
Is 2894758313 composite?
True
Is 442233697 composite?
False
Is 593370793 a prime number?
False
Is 39827015983 composite?
False
Is 128673097 a prime number?
False
Is 19853557751 a prime number?
True
Is 2293709641 a composite number?
True
Is 31078353269 prime?
False
Is 184125158027 prime?
True
Is 3825968834 a composite number?
True
Is 118745351791 a prime number?
False
Is 21806592013 a prime number?
True
Is 35896846907 composite?
False
Is 10653004123 a composite number?
False
Is 11180885489 a composite number?
True
Is 11003233111 a prime number?
False
Is 33125772201 prime?
False
Is 1006449329 a composite number?
False
Is 25190428027 composite?
True
Is 2206892603 prime?
True
Is 3593547979 a composite number?
True
Is 6811663223 prime?
True
Is 968949637 composite?
True
Is 225494703541 a composite number?
False
Is 65730126727 composite?
False
Is 33352445839 prime?
True
Is 2597258413 prime?
True
Is 48505693129 prime?
True
Is 911429039 prime?
True
Is 23948255797 prime?
False
Is 23180909659 composite?
False
Is 266864281 prime?
False
Is 892842247 a prime number?
False
Is 1749857398 a composite number?
True
Is 6915265277 composite?
False
Is 21511340615 a composite number?
True
Is 17889331178 a prime number?
False
Is 217507457 a prime number?
False
Is 699456809 a prime number?
False
Is 767697941 composite?
True
Is 57191266229 prime?
True
Is 315377809 a prime number?
True
Is 4934168287 prime?
True
Is 11356265231 composite?
False
Is 1989042031 a prime number?
True
Is 2680335103 composite?
False
Is 44017086389 a prime number?
True
Is 24432136453 composite?
False
Is 8582448427 a prime number?
False
Is 3447722879 a composite number?
True
Is 51000813259 composite?
True
Is 31101780299 composite?
True
Is 27915583 composite?
True
Is 1765235569 a prime number?
True
Is 7428371317 a composite number?
True
Is 23417956369 a prime number?
True
Is 532459127 prime?
True
Is 287198277 a prime number?
False
Is 1671939887 a composite number?
True
Is 1466811527 a composite number?
True
Is 36560757921 a prime number?
False
Is 4018639021 prime?
True
Is 23057626517 a composite number?
False
Is 149534051 composite?
True
Is 9329180323 a prime number?
True
Is 6870473678 a composite number?
True
Is 2722107451 composite?
True
Is 677495479 a composite number?
True
Is 103049879 prime?
False
Is 109398783443 composite?
True
Is 29489081683 composite?
False
Is 63953733947 a composite number?
False
Is 9994507207 prime?
True
Is 40408067383 a composite number?
True
Is 205054753261 a prime number?
True
Is 124855261463 a prime number?
True
Is 2291616037 prime?
True
Is 5829171851 a composite number?
True
Is 1533201653 prime?
True
Is 21988117693 a composite number?
True
Is 1033682029 prime?
True
Is 369119054 a composite number?
True
Is 9502926539 a prime number?
True
Is 35939741 composite?
False
Is 306033185 composite?
True
Is 2668022873 prime?
False
Is 196832866049 a composite number?
True
Is 69889252729 prime?
True
Is 1741499657 composite?
True
Is 1281183119 a prime number?
False
Is 21271203847 composite?
False
Is 1990840009 composite?
True
Is 37344029429 composite?
True
Is 9028345119 prime?
False
Is 32152493467 a prime number?
False
Is 8653382195 prime?
False
Is 2042779703 composite?
False
Is 1538056519 a prime number?
True
Is 3537149173 prime?
True
Is 355460869